of 13 and y.
13
Suppose -118*v = 223956 - 626808. Calculate the highest common divisor of v and 18.
6
Suppose 0 = -16*x + 488 + 1480. What is the highest common factor of x and 48?
3
Suppose -4*u + 8 = 0, -382*u + 379*u + 128 = j. Calculate the greatest common factor of j and 1.
1
Let j(a) = a**2 - 3*a + 5. Let v be j(2). Suppose -2*u = v*p - 41, -6*p - 2*u + 63 = -p. Calculate the highest common divisor of 11 and p.
11
Suppose -28*y + 35*y + 9*y - 110544 = 0. What is the greatest common divisor of y and 735?
147
Let d(p) = -p**3 + 27*p**2 - 161*p - 148. Let u be d(17). What is the highest common factor of u and 53?
1
Suppose 0 = -71*n + 75*n - 4284. Suppose -n = -7*v - 336. Calculate the highest common factor of v and 15.
15
Let q be 2*4/(-8) - (-3 - 43). Let c = -42 + q. Let i be (13/5 - c)*(-81 - -1). Calculate the highest common divisor of i and 96.
32
Suppose -3*f - 2*p = -24 - 47, 0 = -3*f + 4*p + 83. What is the highest common factor of f and 25?
25
Suppose 10*b - 981 = -481 + 130. Calculate the greatest common divisor of b and 637.
7
Suppose 4721 = 81*c - 4027. What is the highest common divisor of c and 372?
12
Let d be 714/189 + 32/144. Calculate the highest common divisor of 2232 and d.
4
Let n(m) = -109*m + 2. Let w be 1/(2/(-4 + -2)). Let d be n(w). Let k = -826 - -873. What is the highest common factor of d and k?
47
Let x(l) = 48*l - 81*l + 34*l + 41. Let q = 3 - 21. Let h be x(q). What is the greatest common divisor of 115 and h?
23
Let p = 5355 - 5339. Calculate the highest common divisor of 116 and p.
4
Suppose -4662 = -43*b + 22*b. What is the highest common divisor of 17538 and b?
222
Suppose -49*v + 271*v - 3567 + 903 = 0. Calculate the highest common factor of v and 1284.
12
Let l = 81 - 73. Suppose x + 2*m = l - 1, -4*m + 17 = 5*x. Calculate the highest common divisor of 17 and x.
1
Let j = 109 - 103. Let g be (-3)/(j/(-60)*3). Let k = 5 - -35. What is the highest common factor of k and g?
10
Suppose 4*i + 5*o = 181, -4*i - i - o = -200. Suppose -19 = -2*l + i. Let d = l + -19. What is the highest common factor of d and 50?
10
Suppose d - 23 = 7*v - 9*v, -3*d - 85 = -5*v. Calculate the greatest common factor of v and 448.
14
Let o(w) = -w**3 - 5*w**2 + 7*w + 15. Let g be o(-6). Let p = g - 41. Let x be (-3 - 136/p)/(1/12). Calculate the highest common divisor of 120 and x.
15
Let x = 355 + -210. Suppose 597*s + x = 598*s. What is the greatest common divisor of s and 5?
5
Suppose -3*y + j = -642, -y + 227 = -5*j + 41. Calculate the greatest common factor of y and 270.
54
Suppose 122*r - 868 = 120*r. Let t = 482 - r. Suppose -z = -2*a - 14, -4*z = -2*a + a - 63. Calculate the highest common divisor of t and z.
16
Let k = 904 - 553. Let h(i) be the second derivative of -i**3/2 + 39*i**2/2 - 31*i. Let j be h(0). What is the highest common divisor of k and j?
39
Suppose -v = -6*v - 5*b - 15, 4*v - 2*b = -24. Let n be (-78)/v*525/30. Calculate the greatest common factor of 78 and n.
39
Suppose 9*i + i + 630 = 0. Let j be (-2)/(-14) + (1 - 747/i). Calculate the highest common factor of 104 and j.
13
Suppose 54*b + 3*s = 49*b + 19272, -4*b + 4*s = -15424. Calculate the greatest common factor of b and 90.
15
Let o be (0/(-1))/(-1) + 1. Let p = -5448 + 5493. Suppose 0 = -j - o, 2*s - p = 5*j. What is the highest common divisor of s and 8?
4
Suppose -2*k = -1242 - 422. Let c(g) = -2*g**3 - 51*g**2 + 836*g + 21589. Let i be c(-25). Calculate the greatest common factor of i and k.
64
Suppose -202 + 232 = 5*g. Let y(z) = z**3 + 11*z**2 - 5*z + 68. Let i be y(g). What is the greatest common factor of 39 and i?
13
Let t be 2/(-14) - (-1 + 488/14). Let n be t*2/((-24)/54). Calculate the greatest common factor of n and 17.
17
Suppose 11*f - 713 = -207. Let l be (-45)/(-6)*138/9. What is the highest common factor of f and l?
23
Suppose -19 = -q + 26. Let v(b) = -b + 9. Let h be v(6). Suppose -1 = -x, x - 5*x = h*t - 58. What is the greatest common factor of q and t?
9
Let z(q) = -18*q + 5. Let o be z(-5). Suppose 2977*v + 76 = 2978*v. Calculate the highest common factor of o and v.
19
Let h = 142 - 145. Let f be (275 + -7)/4 + h. What is the highest common factor of f and 112?
16
Let w be 192/(-176) + (-2)/(-22) - -556. Calculate the greatest common divisor of 45 and w.
15
Let w = 25 - 20. Let a(z) = 2*z + 5. Let h be a(w). Suppose 5*d = -b + 145, -3*d - 391 - 143 = -4*b. What is the highest common divisor of h and b?
15
Suppose 3*j + d + 277 = 0, -4*j - 5*d + 159 - 521 = 0. Let n = 103 + j. Suppose -5*u + 16 = -34. What is the greatest common divisor of u and n?
10
Suppose 0 = 28*m + 20*m - 39*m - 4230. What is the highest common divisor of m and 230?
10
Suppose 4*z - 4*o - 18688 = 0, -2*z + 5*o = -6*z + 18661. Calculate the highest common divisor of 203 and z.
203
Let d(n) = n**2 + 97*n - 244. Let s be d(3). Let r be (-2)/(-3) + (-416)/(-6). What is the highest common divisor of s and r?
14
Suppose 3*h + 2 = 5, -160 = -5*i + 5*h. Let y be (i/6)/((-2)/(-12)). Let q = -31 + y. Calculate the greatest common divisor of q and 16.
2
Suppose 597 = 28*p - 11835. Calculate the highest common divisor of p and 18.
6
Suppose 4*d = 71*s - 75*s + 108, -5*d - 3*s = -141. Calculate the highest common factor of d and 350.
10
Let f(l) = 11*l**3 - 7*l**2 + 21*l - 5. Let o be f(4). What is the highest common divisor of o and 488?
61
Let p = 401 + -373. Let g be 38/95 - (2 + (-136)/10). What is the greatest common factor of p and g?
4
Let m = 489 - 104. Let w(h) = h**3 + 11*h**2 - 7*h + 71. Let d be w(-12). Calculate the greatest common factor of d and m.
11
Suppose -35*v + 146 + 64 = 0. What is the greatest common factor of 81 and v?
3
Let b(u) = -u**2 - 4*u - 16. Let j be b(-6). Let v be (j*84)/(-6) + 4. What is the highest common divisor of 44 and v?
44
Let c be 126/4*3904/183. Calculate the greatest common divisor of 352 and c.
32
Suppose 3*s + 945 = 10*c - 6*c, -4*s - 707 = -3*c. What is the highest common divisor of 3 and c?
3
Let p be -8 - (-11)/((-1)/(-104)*8). Let a(f) = 10*f - 29. Let o be a(11). Calculate the greatest common factor of p and o.
27
Suppose 5*g - 349 - 1126 = 0. Suppose -47 = 8*c - 991. Calculate the highest common factor of c and g.
59
Let g = -14 + -61. Let r = g - -150. What is the highest common divisor of r and 25?
25
Suppose -2*n - 33 = -0*u - u, -u - n + 33 = 0. What is the highest common factor of 869 and u?
11
Suppose 4*j - 61 = 7. Suppose j*o + 1111 = -266. Let t = o - -129. What is the highest common factor of 16 and t?
16
Suppose -12 = -4*y, 23 = 3*h + 5*y - 43. Suppose h*j - 22*j = -230. Calculate the highest common divisor of j and 23.
23
Let g = -11608 - -11629. Calculate the greatest common factor of 807 and g.
3
Let q(b) = -b**3 + 5*b**2 + 8*b - 27. Let l be q(5). Suppose -4*v = 4*j - 89 + l, 4*v = j + 56. Calculate the greatest common factor of 105 and v.
15
Suppose 3*l - 9*f + 8*f = 7718, -4*l = 5*f - 10316. Suppose 21*u + 663 = l. Calculate the greatest common divisor of u and 21.
7
Suppose 266*b = g + 268*b - 7, 3*g + b = 51. Calculate the greatest common factor of g and 11894.
19
Let t = -926 + 1578. Let a = -646 + t. Calculate the greatest common factor of a and 15.
3
Let q(m) = -192*m - 600. Let y be q(-22). What is the greatest common factor of y and 96?
24
Let k = 9327 + -9290. Let s be 3*(2 + 1468/6). Calculate the highest common divisor of s and k.
37
Let x = -18063 - -18331. What is the greatest common factor of 1675 and x?
67
Suppose -35*a + 30*a + 680 = 0. Suppose -3*n = 4*z - 2*z - a, 64 = n - 4*z. Let v = n + -41. What is the highest common divisor of 14 and v?
7
Suppose -4*d - 219 = -23. Let c = d + 65. What is the highest common divisor of 400 and c?
16
Let q be 22 + 628 + (-10)/(-15)*-3. Calculate the greatest common factor of q and 852.
12
Suppose 4*n - 76 + 4 = 0. Let y be ((-1242)/(-144) - 6)*48. What is the greatest common factor of n and y?
18
Let o be 2/(12 + (-10780)/902). What is the highest common factor of o and 15949?
41
Suppose 7*x = -18*x. Suppose 65*f - 63*f - 156 = x. Calculate the highest common factor of f and 195.
39
Let h be (-26340)/(-25) - (4 - (-51)/(-15)). Calculate the highest common divisor of 468 and h.
117
Suppose 0 = 5*t + 4*k - 530, -5*k - 106 = -t - 3*k. Let s = -